+ 22, -4*o + 2*s + 30 = 0. Let x be l(o). What is the highest common divisor of x and 154?
22
Suppose 2*j = 3*d - 10, 4*d + 2*j - j - 6 = 0. Suppose 20 = 4*b - d*b. Calculate the greatest common divisor of 5 and b.
5
Let i(r) be the first derivative of 2*r**3/3 - 13*r**2/2 + 14*r + 9. Let s be i(10). Calculate the greatest common factor of 21 and s.
21
Suppose -3*a + 187 = 14*a. What is the greatest common factor of a and 55?
11
Suppose -4*r - 350 = r. Let t = -49 - r. What is the greatest common divisor of t and 3?
3
Suppose 19 + 29 = 2*u. Suppose 7*b + 5*j - 620 = 2*b, -4*b = -j - 476. What is the highest common factor of b and u?
24
Suppose -p + 0 = -4. Suppose p*o = -3*v + 573, 386 = v + v + 4*o. Let u = 40 - 23. What is the greatest common divisor of u and v?
17
Let u(k) = 6 + 0*k**3 - 10 + 10*k - k**3 + 7*k**2. Let x be u(8). Let t = 29 + -17. What is the highest common divisor of t and x?
12
Suppose -3*c + 52 + 5 = 0. Let u = -1 + c. Calculate the highest common factor of u and 144.
18
Suppose 4*h + 67 = -0*m + m, -3*m + 190 = -h. Calculate the greatest common divisor of 21 and m.
21
Suppose -9 = -3*v + 3, 2*v + 22 = 5*h. Calculate the highest common divisor of 15 and h.
3
Let i(l) = 11*l + 3. Suppose y - 4*y = -m - 20, -5*y = m - 36. Let n be i(y). Calculate the highest common factor of 10 and n.
10
Let a be ((-7)/2)/((-3)/6). Let o = 4 - -3. What is the greatest common divisor of a and o?
7
Suppose -3*k = 5*w + 2*k - 770, 158 = w + 2*k. What is the greatest common factor of 60 and w?
30
Let l(d) = -5*d - 4. Let h be l(-2). Calculate the greatest common divisor of 6 and h.
6
Let n(s) = s**2 + 9*s - 8. Let l be n(-10). Suppose 5*u = 3*z + 34, -l*u - 2*z - z = -22. What is the greatest common factor of 32 and u?
8
Suppose -4*n = 3*p + 4, 3*p - 4*n - 32 = n. What is the highest common divisor of 6 and p?
2
Let h be 107 - 6/(-4)*(-5 - -7). Suppose j + 20 = 3*j. Calculate the highest common factor of h and j.
10
Let x = -13 - -22. Calculate the greatest common divisor of x and 45.
9
Let f(a) = a - 4. Let w be f(0). Let v be w/(-10) + (-623)/(-5). Let g = v + -17. Calculate the greatest common factor of g and 12.
12
Let a = -14 + 20. Let y be 142/a - 2/(-6). Let w be -1 - 7/2*-2. What is the greatest common factor of y and w?
6
Let s = -27 - -34. Let r(i) be the second derivative of -i**5/20 + i**4/6 - i**3/2 + i**2 + i. Let j be r(-3). Calculate the greatest common divisor of s and j.
7
Suppose 51 = 4*f + 3*j, 4*f + 2*j = -0*f + 46. Suppose f*y - 5*y - 300 = 0. What is the highest common divisor of 25 and y?
25
Suppose 5*o + 6 = 66. Let b be (1/(-1))/((-3)/90). What is the highest common factor of o and b?
6
Let o(d) = d**3 - d**2 - 4*d + 1. Let b be o(3). Suppose -c = -m + b, -4*m + 2*c - 3 = -41. Calculate the greatest common factor of m and 132.
12
Let j(p) = -p**2 + p + 3. Let u be j(0). Suppose -70 - 8 = -u*n. Let v = -78 - -143. What is the greatest common divisor of v and n?
13
Suppose 5*i + 128 = 1073. Let w = 20 + i. What is the greatest common factor of w and 19?
19
Suppose 237 = 4*s + 5*d, -s + 4*d - 5*d + 59 = 0. Suppose 5*x = -18 + s. What is the highest common divisor of 4 and x?
4
Let i be 2*((-174)/9)/((-12)/9). Calculate the highest common divisor of i and 29.
29
Let u be (-1 + 2)/(1/2). Suppose 0 = u*p + p - 9. What is the greatest common divisor of 24 and p?
3
Let c(s) = s**3 + 12*s**2 - 22*s - 7. Let f be c(-13). Calculate the greatest common factor of 44 and f.
22
Let r be (-753)/(-2)*(-4)/(-6). Let l = r - 147. Suppose -4*y + l = -56. Calculate the highest common divisor of y and 5.
5
Suppose -3*c - 48 = -3*x, 3*x + c = 5*x - 30. What is the highest common divisor of x and 154?
14
Let n(p) = 4*p**2 - p + 2. Suppose -5*c + 9 + 11 = 0. Suppose -6 = 5*q + c. Let l be n(q). Calculate the greatest common divisor of l and 8.
4
Let k be -2 - (4/6 + (-780)/9). What is the highest common divisor of k and 21?
21
Suppose 0*x = -2*x, 4*x = -2*t + 10. Let d be 16 - (0 - (-2 + 1)). What is the greatest common divisor of d and t?
5
Let n(v) = -v**2 - 15*v + 28. Let m be n(-16). What is the highest common divisor of 108 and m?
12
Let p be 18/(-14) + (-2)/(-7). Let c be 12 + (p - -1 - 1). Let y = -23 + 67. Calculate the greatest common divisor of c and y.
11
Suppose -2*s = -3*j + 23, 5*s + 1 = 6*s + j. Let t be 3 + s + 0 + 3. Suppose -t*u + 4*u = 6. Calculate the highest common factor of u and 12.
3
Let k(h) = -h**3 + 7*h**2 - h. Let y be k(4). Calculate the greatest common divisor of y and 11.
11
Let r = 227 + -24. Suppose 4*g - 15*g = -1573. Let p = r - g. Calculate the highest common divisor of p and 15.
15
Let x(i) = -i**3 - 3*i**2 - i + 2. Let h be x(-5). What is the greatest common divisor of h and 38?
19
Suppose 0 = z - 5 + 1. Suppose 60 = t + z*t - 5*y, -4*t = 3*y - 55. Suppose 0 = -2*r + 277 - 43. Calculate the highest common divisor of t and r.
13
Let n = -11 + 17. Calculate the highest common factor of 6 and n.
6
Suppose -3*r = 2*o - 3*o + 45, -5*r + 165 = 5*o. What is the greatest common factor of o and 90?
18
Let x be 4/(-10) + (-1064)/(-35). Let o = x + 58. What is the greatest common divisor of o and 8?
8
Let b(s) = s**2 - 2*s. Let m be b(4). Let k be ((-2)/6)/((-5)/15). Calculate the greatest common divisor of k and m.
1
Let a(f) = 3*f**2 - 10. Let k(i) = 10*i**2 - i - 31. Let d(m) = 7*a(m) - 2*k(m). Let h be d(-6). Let t = 0 + 2. What is the greatest common factor of h and t?
2
Let c = 52 + -30. Let w(z) = -z**2 - 9*z - 7. Let p be w(-6). Calculate the highest common divisor of c and p.
11
Let f(q) = 22*q**2 + 3*q - 4. Let m be f(-3). Suppose 0 = 3*h + c - m, h = 6*h - c - 319. Calculate the highest common divisor of h and 42.
21
Suppose 4*b + 4*o - o = 26, -12 = -4*b + 4*o. Let i be 20/2 - (b - 8). Calculate the highest common divisor of 13 and i.
13
Suppose 0 = -2*f - 4*b - 8, -4*f + 7*f - 2*b = 20. Suppose 3*u = f*x, 5*u - 32 = -7*x + 3*x. What is the greatest common divisor of u and 8?
4
Let l = 2 - -6. Let n(c) = -2*c + 22. Let g be n(7). Calculate the highest common divisor of l and g.
8
Suppose -4*p - 14 = -5*p. Suppose 3*f - 5*j = 5*f - 24, -5*f + j + 33 = 0. What is the greatest common divisor of p and f?
7
Suppose -9*y + 693 = -2*y. Calculate the greatest common factor of 9 and y.
9
Suppose 0*v = 3*v - q - 205, -4*q = -3*v + 217. What is the highest common divisor of 268 and v?
67
Let k(p) = -p**2 + 11*p + 10. Let g be k(9). Calculate the greatest common factor of g and 252.
28
Let u(a) = -a**3 + 9*a**2 - 8*a + 5. Let y be u(8). Let l be 42/63 + -1*2/(-6). Calculate the greatest common divisor of l and y.
1
Suppose 37 - 193 = -g + 4*q, 5*g + 2*q = 890. What is the highest common factor of 16 and g?
16
Suppose 4*i - 361 = x, 0 = -4*x - x + 15. Calculate the highest common factor of 13 and i.
13
Let j = -3 + 3. Suppose j + 1 = -t. Let d = t - -11. What is the greatest common factor of 70 and d?
10
Let u = 93 - 66. Let d = -13 + u. Calculate the highest common factor of d and 112.
14
Let g(c) = 2*c**2 - c + 1. Let i be g(1). Let j be (-2 - -6)/(i/(-16)). Let w = j - -50. What is the highest common factor of 9 and w?
9
Let u be (-4)/6 + 2848/24. Let c = 168 - u. Suppose 4*s - 35 = -4*y + 33, 4*s - c = 5*y. What is the highest common divisor of s and 5?
5
Let m = -5 - -8. Let v be -2 + 4 - -4*5. Suppose -m*g = -62 - v. What is the highest common factor of 7 and g?
7
Let a be 48/36 - 374/(-3). Calculate the highest common divisor of 14 and a.
14
Let d be (-3 - -22) + -1 - -2. Suppose 4*l - d = 0, -4*a - 4*l + 687 = -l. Calculate the greatest common factor of a and 21.
21
Let d(n) = 3*n**3 + 5 + n - 3*n - 4*n**3 - 2*n**2. Let s be d(-4). Let v = 183 + -153. What is the highest common divisor of v and s?
15
Suppose -3*w + 60 + 24 = 0. Let y = w - 23. Suppose -3*f - 10 = -2*q, -2*f + 10 = 2*q - 0*q. What is the highest common divisor of q and y?
5
Suppose 4*g - 2*c = 3*g - 6, 5*g + 4*c = -58. Let u be -3 + g/(-2) - -82. What is the greatest common divisor of 14 and u?
14
Let u(x) = 14*x - 6. Let v be u(3). What is the greatest common factor of v and 18?
18
Let j(r) = 3*r**2 + r - 2. Let k be j(-4). Let c be 16/3 - (42/9)/(-7). What is the highest common divisor of c and k?
6
Let z = 0 + 0. Suppose 3*h + 2*h = p +